hat is the units digit of 24346?
6
What is the tens digit of 1756?
5
What is the tens digit of 623?
2
What is the units digit of 1309?
9
What is the hundreds digit of 980?
9
What is the hundreds digit of 204?
2
What is the hundreds digit of 857?
8
What is the tens digit of 337?
3
What is the units digit of 135629?
9
What is the hundreds digit of 7407?
4
What is the thousands digit of 56908?
6
What is the thousands digit of 2876?
2
What is the ten thousands digit of 59875?
5
What is the hundreds digit of 62490?
4
What is the tens digit of 3402?
0
What is the units digit of 2090?
0
What is the units digit of 4219?
9
What is the units digit of 1307?
7
What is the units digit of 14810?
0
What is the hundreds digit of 5835?
8
What is the units digit of 5354?
4
What is the tens digit of 3572?
7
What is the hundreds digit of 598?
5
What is the hundreds digit of 3315?
3
What is the ten thousands digit of 19524?
1
What is the ten thousands digit of 16171?
1
What is the tens digit of 2403?
0
What is the units digit of 2328?
8
What is the units digit of 17584?
4
What is the thousands digit of 1456?
1
What is the hundreds digit of 2659?
6
What is the hundreds digit of 1083?
0
What is the hundreds digit of 9005?
0
What is the tens digit of 318?
1
What is the hundreds digit of 77729?
7
What is the hundreds digit of 53597?
5
What is the units digit of 618?
8
What is the hundreds digit of 124299?
2
What is the thousands digit of 56472?
6
What is the units digit of 23885?
5
What is the units digit of 757?
7
What is the ten thousands digit of 72941?
7
What is the tens digit of 3942?
4
What is the thousands digit of 12888?
2
What is the hundreds digit of 3531?
5
What is the ten thousands digit of 29359?
2
What is the units digit of 8730?
0
What is the tens digit of 609?
0
What is the tens digit of 412?
1
What is the units digit of 13062?
2
What is the units digit of 62007?
7
What is the units digit of 13754?
4
What is the tens digit of 624?
2
What is the thousands digit of 27185?
7
What is the hundreds digit of 36539?
5
What is the ten thousands digit of 13736?
1
What is the tens digit of 14601?
0
What is the tens digit of 1786?
8
What is the thousands digit of 5922?
5
What is the units digit of 116998?
8
What is the thousands digit of 61354?
1
What is the units digit of 2675?
5
What is the units digit of 3041?
1
What is the tens digit of 14911?
1
What is the tens digit of 13146?
4
What is the units digit of 36048?
8
What is the ten thousands digit of 61239?
6
What is the thousands digit of 5764?
5
What is the tens digit of 4097?
9
What is the units digit of 10198?
8
What is the tens digit of 1129?
2
What is the hundreds digit of 678?
6
What is the tens digit of 11197?
9
What is the hundreds digit of 4253?
2
What is the units digit of 155?
5
What is the units digit of 33122?
2
What is the hundreds digit of 9153?
1
What is the hundreds digit of 894?
8
What is the tens digit of 1924?
2
What is the hundreds digit of 5722?
7
What is the hundreds digit of 156?
1
What is the thousands digit of 41722?
1
What is the units digit of 11528?
8
What is the tens digit of 265?
6
What is the ten thousands digit of 13993?
1
What is the hundreds digit of 3237?
2
What is the hundreds digit of 1543?
5
What is the thousands digit of 122805?
2
What is the thousands digit of 6482?
6
What is the ten thousands digit of 21401?
2
What is the tens digit of 2029?
2
What is the hundreds digit of 10802?
8
What is the tens digit of 105459?
5
What is the hundreds digit of 3501?
5
What is the hundreds digit of 3652?
6
What is the tens digit of 11?
1
What is the units digit of 12?
2
What is the thousands digit of 5202?
5
What is the hundred thousands digit of 128206?
1
What is the hundreds digit of 48064?
0
What is the tens digit of 17551?
5
What is the hundreds digit of 93793?
7
What is the hundreds digit of 9005?
0
What is the tens digit of 260?
6
What is the hundreds digit of 746?
7
What is the units digit of 595?
5
What is the hundreds digit of 1387?
3
What is the units digit of 4402?
2
What is the hundreds digit of 1648?
6
What is the hundreds digit of 2152?
1
What is the hundreds digit of 1016?
0
What is the thousands digit of 1483?
1
What is the units digit of 4448?
8
What is the units digit of 3986?
6
What is the hundreds digit of 761?
7
What is the hundreds digit of 61014?
0
What is the units digit of 1336?
6
What is the units digit of 8161?
1
What is the units digit of 7314?
4
What is the tens digit of 376?
7
What is the thousands digit of 9174?
9
What is the tens digit of 3297?
9
What is the ten thousands digit of 34230?
3
What is the hundreds digit of 12472?
4
What is the units digit of 3938?
8
What is the tens digit of 70?
7
What is the thousands digit of 6683?
6
What is the tens digit of 2179?
7
What is the ten thousands digit of 22932?
2
What is the tens digit of 35515?
1
What is the units digit of 14927?
7
What is the thousands digit of 1310?
1
What is the thousands digit of 3282?
3
What is the units digit of 22513?
3
What is the hundreds digit of 3628?
6
What is the units digit of 686?
6
What is the hundreds digit of 877?
8
What is the thousands digit of 4107?
4
What is the units digit of 1396?
6
What is the units digit of 54629?
9
What is the thousands digit of 5079?
5
What is the units digit of 58004?
4
What is the units digit of 329?
9
What is the units digit of 3327?
7
What is the hundreds digit of 947?
9
What is the units digit of 7913?
3
What is the thousands digit of 46455?
6
What is the tens digit of 46288?
8
What is the tens digit of 5421?
2
What is the hundreds digit of 12207?
2
What is the hundreds digit of 10088?
0
What is the units digit of 956?
6
What is the tens digit of 21000?
0
What is the tens digit of 4320?
2
What is the tens digit of 288?
8
What is the hundreds digit of 2079?
0
What is the tens digit of 543?
4
What is the units digit of 1279?
9
What is the hundreds digit of 242?
2
What is the units digit of 9261?
1
What is the units digit of 690?
0
What is the ten thousands digit of 73886?
7
What is the units digit of 684?
4
What is the hundreds digit of 31684?
6
What is the tens digit of 1921?
2
What is the thousands digit of 19162?
9
What is the tens digit of 5385?
8
What is the tens digit of 47?
4
What is the hundreds digit of 6834?
8
What is the units digit of 690?
0
What is the units digit of 21289?
9
What is the thousands digit of 23144?
3
What is the units digit of 4027?
7
What is the hundreds digit of 35314?
3
What is the hundreds digit of 7670?
6
What is the tens digit of 4844?
4
What is the units digit of 493?
3
What is the units digit of 22599?
9
What is the hundreds digit of 832?
8
What is the hundreds digit of 133136?
1
What is the hundreds digit of 49033?
0
What is the units digit of 2303?
3
What is the units digit of 362?
2
What is the tens digit of 1558?
5
What is the hundreds digit of 51446?
4
What is the tens digit of 5444?
4
What is the units digit of 40?
0
What is the hundreds digit of 5259?
2
What is the tens digit of 6017?
1
What is the ten thousands digit of 40504?
4
What is the thousands digit of 29446?
9
What is the units digit of 66531?
1
What is the units digit of 72?
2
What is the units digit of 528?
8
What is the units digit of 1270?
0
What is the thousands digit of 7081?
7
What is the units digit of 76248?
8
What is the hundreds digit of 3088?
0
What is the thousands digit of 5259?
5
What is the thousands digit of 6811?
6
What is the hundreds digit of 44961?
9
What is the tens digit of 11927?
2
What is the thousands digit of 32569?
2
What is the thousands digit of 5600?
5
What is the units digit of 1094?
4
What is the thousands digit of 2384?
2
What is the thousands digit of 42437?
2
What is the units digit of 8357?
7
What is the tens digit of 8950?
5
What is the hundreds digit of 3515?
5
What is the thousands digit of 5442?
5
What is the thousands digit of 1156?
1
What is the tens digit of 616?
1
What is the tens digit of 1530?
3
What is the hundreds digit of 12128?
1
What is the thousands digit of 2147?
2
What is the hundreds digit of 321?
3
What is the units digit of 257?
7
What is the units digit of 3131?
1
What is the thousands digit of 10728?
0
What is the thousands digit of 7832?
7
What is the hundreds digit of 15280?
